{"id":9,"date":"2024-06-28T11:07:42","date_gmt":"2024-06-28T14:07:42","guid":{"rendered":"http:\/\/automation360.com.br\/treinamentos\/?page_id=9"},"modified":"2024-08-30T14:11:28","modified_gmt":"2024-08-30T17:11:28","slug":"home","status":"publish","type":"page","link":"https:\/\/automation360.com.br\/treinamentos\/","title":{"rendered":"home"},"content":{"rendered":"<p>[et_pb_section fb_built=&#8221;1&#8243; _builder_version=&#8221;4.9.3&#8243; _module_preset=&#8221;default&#8221; background_color=&#8221;#8F8F8F&#8221; background_image=&#8221;https:\/\/automation360.com.br\/treinamentos\/wp-content\/uploads\/2024\/07\/Landscape_XL-shutterstock_197017403_training.png&#8221; background_blend=&#8221;multiply&#8221; custom_margin=&#8221;-5px|||||&#8221;][et_pb_row _builder_version=&#8221;4.9.3&#8243; _module_preset=&#8221;default&#8221;][et_pb_column type=&#8221;4_4&#8243; _builder_version=&#8221;4.9.3&#8243; _module_preset=&#8221;default&#8221;][et_pb_text _builder_version=&#8221;4.9.3&#8243; _module_preset=&#8221;default&#8221; text_font=&#8221;Titillium Web|600|||||||&#8221; text_font_size=&#8221;49px&#8221; hover_enabled=&#8221;0&#8243; sticky_enabled=&#8221;0&#8243;]<span style=\"color: #ffffff; line-height: 1;\">Servi\u00e7os de treinamento<\/span>[\/et_pb_text][\/et_pb_column][\/et_pb_row][\/et_pb_section][et_pb_section fb_built=&#8221;1&#8243; _builder_version=&#8221;4.9.3&#8243; _module_preset=&#8221;default&#8221;][et_pb_row _builder_version=&#8221;4.9.3&#8243; _module_preset=&#8221;default&#8221;][et_pb_column type=&#8221;4_4&#8243; _builder_version=&#8221;4.9.3&#8243; _module_preset=&#8221;default&#8221;][et_pb_text _builder_version=&#8221;4.9.3&#8243; _module_preset=&#8221;default&#8221; text_font=&#8221;Titillium Web|700|||||||&#8221; text_text_color=&#8221;#0047E0&#8243; header_font=&#8221;Titillium Web|600|||||||&#8221; header_font_size=&#8221;33px&#8221;]<\/p>\n<h1><span style=\"color: #005eb8;\">Ajude sua equipe a dominar as tecnologias de automa\u00e7\u00e3o atuais<\/span><\/h1>\n<p>[\/et_pb_text][et_pb_text _builder_version=&#8221;4.9.3&#8243; _module_preset=&#8221;default&#8221; text_font=&#8221;Titillium Web||||||||&#8221; text_font_size=&#8221;16px&#8221;]<\/p>\n<p>Nossos programas de treinamento detalhados ajudam voc\u00ea a obter o m\u00e1ximo valor das novas tecnologias e atualiza\u00e7\u00f5es de automa\u00e7\u00e3o. Frequentemente oferecemos instru\u00e7\u00f5es pr\u00e1ticas em centros de treinamento regionais, em seu pr\u00f3prio local de trabalho ou por meio de nossas muitas oportunidades de aprendizado on-line.<\/p>\n<p>Temos orgulho de oferecer aos fabricantes, engenheiros de automa\u00e7\u00e3o e operadores uma maneira flex\u00edvel de adquirir as habilidades necess\u00e1rias para se manter atualizado em qualquer setor. Cobrindo mais de 80% de nossas tecnologias, nosso treinamento reduz a curva de aprendizado de sua equipe \u00e0 medida que voc\u00ea implementa novos equipamentos de automa\u00e7\u00e3o industrial ou atualiza seu sistema.<\/p>\n<p>[\/et_pb_text][\/et_pb_column][\/et_pb_row][\/et_pb_section][et_pb_section fb_built=&#8221;1&#8243; module_id=&#8221;estrutura&#8221; module_class=&#8221;estrutura&#8221; _builder_version=&#8221;4.9.3&#8243; _module_preset=&#8221;default&#8221; background_color=&#8221;#e6e7e8&#8243; custom_padding=&#8221;2px||2px|||&#8221;][et_pb_row column_structure=&#8221;1_2,1_2&#8243; _builder_version=&#8221;4.9.3&#8243; _module_preset=&#8221;default&#8221; custom_padding=&#8221;1px||2px|||&#8221;][et_pb_column type=&#8221;1_2&#8243; _builder_version=&#8221;4.9.3&#8243; _module_preset=&#8221;default&#8221; background_enable_image=&#8221;off&#8221;][et_pb_image src=&#8221;https:\/\/automation360.com.br\/treinamentos\/wp-content\/uploads\/2024\/07\/Screenshot-2024-07-15-at-12.53.27.png&#8221; title_text=&#8221;Screenshot 2024-07-15 at 12.53.27&#8243; _builder_version=&#8221;4.9.3&#8243; _module_preset=&#8221;default&#8221;][\/et_pb_image][\/et_pb_column][et_pb_column type=&#8221;1_2&#8243; _builder_version=&#8221;4.9.3&#8243; _module_preset=&#8221;default&#8221;][et_pb_text _builder_version=&#8221;4.9.3&#8243; _module_preset=&#8221;default&#8221; text_font=&#8221;Titillium Web|700|||||||&#8221; text_text_color=&#8221;#0047E0&#8243; header_font=&#8221;Titillium Web|600|||||||&#8221; header_font_size=&#8221;33px&#8221; custom_padding=&#8221;66px|||||&#8221;]<\/p>\n<h1><span style=\"color: #005eb8;\">Nossa estrutura<br \/><\/span><\/h1>\n<p>[\/et_pb_text][et_pb_text _builder_version=&#8221;4.9.3&#8243; _module_preset=&#8221;default&#8221; text_font=&#8221;Titillium Web||||||||&#8221; text_font_size=&#8221;16px&#8221;]<\/p>\n<p id=\"VQFimxaKzTDLqpmu\"><span id=\"u5cXAPXMEqpkF5O2\">Dispomos de tr\u00eas modalidades de treinamento: Online, Presencial na Vila Ol\u00edmpia e Presencial em Jundia\u00ed.<\/span><\/p>\n<p id=\"BXI9plAmcJZSo81i\">\n<p id=\"b6yj7jHGTTxOVLMs\"><span id=\"k0AoLvrgByDxU31n\">Os treinamentos online s\u00e3o facilitados atrav\u00e9s da plataforma EVEN3, garantindo uma experi\u00eancia exclusiva para cada turma. <\/span><\/p>\n<p id=\"srhzbtKMcTaIsBN7\">\n<p id=\"U0gV36pYWhTGyTr8\"><span id=\"ODNbdXCPhvum47Ig\">Por outro lado, os treinamentos presenciais na Vila Ol\u00edmpia destacam-se pela \u00eanfase em rob\u00f3tica, sendo ministrados em instala\u00e7\u00f5es equipadas com uma c\u00e9lula rob\u00f3tica de alta tecnologia.<\/span><\/p>\n<p id=\"NpKc4ryqyGvgkNw4\">\n<p id=\"fStF867aiORxnbOo\"><span id=\"xuT4iDghJf347M7r\">Os cursos de automa\u00e7\u00e3o, por sua vez, s\u00e3o conduzidos em nossa unidade em Jundia\u00ed, em uma sala especialmente projetada para proporcionar um ambiente prop\u00edcio \u00e0 aprendizagem cont\u00ednua dos nossos alunos.<\/span><\/p>\n<p>[\/et_pb_text][\/et_pb_column][\/et_pb_row][\/et_pb_section][et_pb_section fb_built=&#8221;1&#8243; module_id=&#8221;treinamentos&#8221; module_class=&#8221;treinamentos&#8221; _builder_version=&#8221;4.9.3&#8243; _module_preset=&#8221;default&#8221; background_color=&#8221;#272727&#8243; custom_margin=&#8221;|||0px|false|false&#8221; custom_padding=&#8221;13px|||||&#8221;][et_pb_row _builder_version=&#8221;4.9.3&#8243; _module_preset=&#8221;default&#8221; custom_padding=&#8221;||39px|||&#8221;][et_pb_column type=&#8221;4_4&#8243; _builder_version=&#8221;4.9.3&#8243; _module_preset=&#8221;default&#8221;][et_pb_text _builder_version=&#8221;4.9.3&#8243; _module_preset=&#8221;default&#8221; text_font=&#8221;Titillium Web|700|||||||&#8221; text_text_color=&#8221;#FFFFFF&#8221; header_font=&#8221;Titillium Web|600|||||||&#8221; header_text_color=&#8221;#FFFFFF&#8221; header_font_size=&#8221;33px&#8221; text_orientation=&#8221;center&#8221; background_layout=&#8221;dark&#8221;]<\/p>\n<h1><span style=\"color: #ffffff;\">Nossos Treinamentos<\/span><\/h1>\n<p>[\/et_pb_text][\/et_pb_column][\/et_pb_row][et_pb_row column_structure=&#8221;1_4,1_4,1_4,1_4&#8243; use_custom_gutter=&#8221;on&#8221; gutter_width=&#8221;2&#8243; make_equal=&#8221;on&#8221; _builder_version=&#8221;4.9.3&#8243; _module_preset=&#8221;default&#8221; background_enable_color=&#8221;off&#8221; width=&#8221;100%&#8221; max_width=&#8221;95%&#8221; module_alignment=&#8221;center&#8221; custom_margin=&#8221;0px|40px||40px|false|false&#8221; custom_padding=&#8221;0px|||0px|false|false&#8221;][et_pb_column type=&#8221;1_4&#8243; _builder_version=&#8221;4.9.3&#8243; _module_preset=&#8221;default&#8221; background_color=&#8221;#FFFFFF&#8221; custom_padding=&#8221;|0px||0px|false|false&#8221;][et_pb_image src=&#8221;https:\/\/automation360.com.br\/treinamentos\/wp-content\/uploads\/2024\/08\/home01.png&#8221; title_text=&#8221;home01&#8243; _builder_version=&#8221;4.9.3&#8243; _module_preset=&#8221;default&#8221; min_height=&#8221;250px&#8221; custom_margin=&#8221;||22px|||&#8221;][\/et_pb_image][et_pb_text _builder_version=&#8221;4.9.3&#8243; _module_preset=&#8221;default&#8221; text_font=&#8221;Titillium Web||||||||&#8221; text_font_size=&#8221;12px&#8221; header_2_font=&#8221;Titillium Web||||||||&#8221; custom_margin=&#8221;||10px|||&#8221; custom_padding=&#8221;|10px||10px|false|false&#8221;]<\/p>\n<h2><strong><span style=\"color: #005eb8;\">Plataforma CX<\/span><\/strong><\/h2>\n<p>[\/et_pb_text][et_pb_text _builder_version=&#8221;4.9.3&#8243; _module_preset=&#8221;default&#8221; text_font=&#8221;Titillium Web||||||||&#8221; min_height=&#8221;150px&#8221; custom_padding=&#8221;|10px||10px|false|false&#8221;]<\/p>\n<p class=\"p1\"><b>Conjunto de software de automa\u00e7\u00e3o CX-One<\/b><\/p>\n<p class=\"p2\">O pacote de software CX-One permite aos usu\u00e1rios construir, configurar e programar uma s\u00e9rie de dispositivos como PLCs, IHMs, sistemas de controle de movimento e redes usando apenas um pacote de software com uma instala\u00e7\u00e3o e n\u00famero de licen\u00e7a.<\/p>\n<p>[\/et_pb_text][et_pb_button button_url=&#8221;\/treinamentos\/plataforma-cx\/&#8221; button_text=&#8221;SABER MAIS +&#8221; button_alignment=&#8221;center&#8221; _builder_version=&#8221;4.9.3&#8243; _module_preset=&#8221;default&#8221; custom_button=&#8221;on&#8221; button_text_color=&#8221;#FFFFFF&#8221; button_bg_color=&#8221;#0C71C3&#8243; button_border_width=&#8221;0px&#8221; button_border_radius=&#8221;0px&#8221; custom_margin=&#8221;||30px||false|false&#8221; custom_padding=&#8221;||||false|false&#8221;][\/et_pb_button][\/et_pb_column][et_pb_column type=&#8221;1_4&#8243; _builder_version=&#8221;4.9.3&#8243; _module_preset=&#8221;default&#8221; background_color=&#8221;#FFFFFF&#8221;][et_pb_image src=&#8221;https:\/\/automation360.com.br\/treinamentos\/wp-content\/uploads\/2024\/08\/home02.png&#8221; title_text=&#8221;home02&#8243; _builder_version=&#8221;4.9.3&#8243; _module_preset=&#8221;default&#8221; min_height=&#8221;250px&#8221; custom_margin=&#8221;||22px||false|false&#8221;][\/et_pb_image][et_pb_text _builder_version=&#8221;4.9.3&#8243; _module_preset=&#8221;default&#8221; text_font=&#8221;Titillium Web||||||||&#8221; text_font_size=&#8221;12px&#8221; header_2_font=&#8221;Titillium Web||||||||&#8221; custom_margin=&#8221;||10px|||&#8221; custom_padding=&#8221;|10px||10px|false|false&#8221;]<\/p>\n<h2><strong><span style=\"color: #005eb8;\">Rob\u00f4s Colaborativos<\/span><\/strong><\/h2>\n<p>[\/et_pb_text][et_pb_text _builder_version=&#8221;4.9.3&#8243; _module_preset=&#8221;default&#8221; text_font=&#8221;Titillium Web||||||||&#8221; min_height=&#8221;150px&#8221; custom_margin=&#8221;||39px||false|false&#8221; custom_padding=&#8221;|10px||10px|false|false&#8221;]<\/p>\n<p class=\"p1\">Oferecemos solu\u00e7\u00f5es de rob\u00f3tica industrial, colaborativa e m\u00f3vel para enfrentar desafios de automa\u00e7\u00e3o de f\u00e1brica, atendendo \u00e0s exig\u00eancias de produ\u00e7\u00e3o atuais e futuras.<\/p>\n<p>[\/et_pb_text][et_pb_button button_url=&#8221;\/treinamentos\/plataforma-robos-colaborativos\/&#8221; button_text=&#8221;SABER MAIS +&#8221; button_alignment=&#8221;center&#8221; _builder_version=&#8221;4.9.3&#8243; _module_preset=&#8221;default&#8221; custom_button=&#8221;on&#8221; button_text_color=&#8221;#FFFFFF&#8221; button_bg_color=&#8221;#0C71C3&#8243; button_border_width=&#8221;0px&#8221; button_border_radius=&#8221;0px&#8221; custom_margin=&#8221;||30px||false|false&#8221; custom_padding=&#8221;||||false|false&#8221;][\/et_pb_button][\/et_pb_column][et_pb_column type=&#8221;1_4&#8243; _builder_version=&#8221;4.9.3&#8243; _module_preset=&#8221;default&#8221; background_color=&#8221;#FFFFFF&#8221;][et_pb_image src=&#8221;https:\/\/automation360.com.br\/treinamentos\/wp-content\/uploads\/2024\/08\/home03.png&#8221; title_text=&#8221;home03&#8243; _builder_version=&#8221;4.9.3&#8243; _module_preset=&#8221;default&#8221; min_height=&#8221;250px&#8221; custom_margin=&#8221;||22px||false|false&#8221;][\/et_pb_image][et_pb_text _builder_version=&#8221;4.9.3&#8243; _module_preset=&#8221;default&#8221; text_font=&#8221;Titillium Web||||||||&#8221; text_font_size=&#8221;12px&#8221; header_2_font=&#8221;Titillium Web||||||||&#8221; custom_margin=&#8221;||10px|||&#8221; custom_padding=&#8221;|10px||10px|false|false&#8221;]<\/p>\n<h2><strong><span style=\"color: #005eb8;\">Rob\u00f4s Fixos<\/span><\/strong><\/h2>\n<p>[\/et_pb_text][et_pb_text _builder_version=&#8221;4.9.3&#8243; _module_preset=&#8221;default&#8221; text_font=&#8221;Titillium Web||||||||&#8221; min_height=&#8221;150px&#8221; custom_margin=&#8221;||||false|false&#8221; custom_padding=&#8221;|10px||10px|false|false&#8221;]<\/p>\n<p class=\"p1\"><b>Ambiente de Controle de Automa\u00e7\u00e3o (ACE).<\/b><\/p>\n<p class=\"p2\">O software ACE fornece um ambiente f\u00e1cil de usar para programar e implementar aplica\u00e7\u00f5es que v\u00e3o desde simples pick-and-place at\u00e9 linhas de rastreamento de correia multirob\u00f4 com vis\u00e3o integrada.<\/p>\n<p>[\/et_pb_text][et_pb_button button_url=&#8221;\/treinamentos\/plataforma-robos-fixos\/&#8221; button_text=&#8221;SABER MAIS +&#8221; button_alignment=&#8221;center&#8221; _builder_version=&#8221;4.9.3&#8243; _module_preset=&#8221;default&#8221; custom_button=&#8221;on&#8221; button_text_color=&#8221;#FFFFFF&#8221; button_bg_color=&#8221;#0C71C3&#8243; button_border_width=&#8221;0px&#8221; button_border_radius=&#8221;0px&#8221; custom_margin=&#8221;39px||30px||false|false&#8221; custom_padding=&#8221;||||false|false&#8221;][\/et_pb_button][\/et_pb_column][et_pb_column type=&#8221;1_4&#8243; _builder_version=&#8221;4.9.3&#8243; _module_preset=&#8221;default&#8221; background_color=&#8221;#FFFFFF&#8221;][et_pb_image src=&#8221;https:\/\/automation360.com.br\/treinamentos\/wp-content\/uploads\/2024\/08\/home04.png&#8221; title_text=&#8221;home04&#8243; _builder_version=&#8221;4.9.3&#8243; _module_preset=&#8221;default&#8221; min_height=&#8221;250px&#8221; custom_margin=&#8221;||22px||false|false&#8221;][\/et_pb_image][et_pb_text _builder_version=&#8221;4.9.3&#8243; _module_preset=&#8221;default&#8221; text_font=&#8221;Titillium Web||||||||&#8221; text_font_size=&#8221;12px&#8221; header_2_font=&#8221;Titillium Web||||||||&#8221; custom_margin=&#8221;||10px|||&#8221; custom_padding=&#8221;|10px||10px|false|false&#8221;]<\/p>\n<h2><strong><span style=\"color: #005eb8;\">Sysmac Studio<\/span><\/strong><\/h2>\n<p>[\/et_pb_text][et_pb_text _builder_version=&#8221;4.9.3&#8243; _module_preset=&#8221;default&#8221; text_font=&#8221;Titillium Web||||||||&#8221; min_height=&#8221;150px&#8221; custom_margin=&#8221;||||false|false&#8221; custom_padding=&#8221;|10px||10px|false|false&#8221;]<\/p>\n<p class=\"p1\">O Sysmac Studio \u00e9 um ambiente exclusivo que integra l\u00f3gica, movimento e unidades, rob\u00f3tica, seguran\u00e7a, visualiza\u00e7\u00e3o, tecnologias de detec\u00e7\u00e3o e informa\u00e7\u00e3o em um \u00fanico projeto, reduzindo assim a curva de aprendizagem e os custos com software intraoperat\u00f3rio.<\/p>\n<p>[\/et_pb_text][et_pb_button button_url=&#8221;\/treinamentos\/plataforma-sysmac\/&#8221; button_text=&#8221;SABER MAIS +&#8221; button_alignment=&#8221;center&#8221; _builder_version=&#8221;4.9.3&#8243; _module_preset=&#8221;default&#8221; custom_button=&#8221;on&#8221; button_text_color=&#8221;#FFFFFF&#8221; button_bg_color=&#8221;#0C71C3&#8243; button_border_width=&#8221;0px&#8221; button_border_radius=&#8221;0px&#8221; custom_margin=&#8221;45px||30px||false|false&#8221; custom_padding=&#8221;||||false|false&#8221;][\/et_pb_button][\/et_pb_column][\/et_pb_row][\/et_pb_section]<\/p>\n","protected":false},"excerpt":{"rendered":"<p>[et_pb_section fb_built=&#8221;1&#8243; _builder_version=&#8221;4.9.3&#8243; _module_preset=&#8221;default&#8221; background_color=&#8221;#8F8F8F&#8221; background_image=&#8221;https:\/\/automation360.com.br\/treinamentos\/wp-content\/uploads\/2024\/07\/Landscape_XL-shutterstock_197017403_training.png&#8221; background_blend=&#8221;multiply&#8221; custom_margin=&#8221;-5px|||||&#8221;][et_pb_row _builder_version=&#8221;4.9.3&#8243; _module_preset=&#8221;default&#8221;][et_pb_column type=&#8221;4_4&#8243; _builder_version=&#8221;4.9.3&#8243; _module_preset=&#8221;default&#8221;][et_pb_text _builder_version=&#8221;4.9.3&#8243; _module_preset=&#8221;default&#8221; text_font=&#8221;Titillium Web|600|||||||&#8221; text_font_size=&#8221;49px&#8221; hover_enabled=&#8221;0&#8243; sticky_enabled=&#8221;0&#8243;]Servi\u00e7os de treinamento[\/et_pb_text][\/et_pb_column][\/et_pb_row][\/et_pb_section][et_pb_section fb_built=&#8221;1&#8243; _builder_version=&#8221;4.9.3&#8243; _module_preset=&#8221;default&#8221;][et_pb_row _builder_version=&#8221;4.9.3&#8243; _module_preset=&#8221;default&#8221;][et_pb_column type=&#8221;4_4&#8243; _builder_version=&#8221;4.9.3&#8243; _module_preset=&#8221;default&#8221;][et_pb_text _builder_version=&#8221;4.9.3&#8243; _module_preset=&#8221;default&#8221; text_font=&#8221;Titillium Web|700|||||||&#8221; text_text_color=&#8221;#0047E0&#8243; header_font=&#8221;Titillium Web|600|||||||&#8221; header_font_size=&#8221;33px&#8221;] Ajude sua equipe a dominar as tecnologias de automa\u00e7\u00e3o atuais [\/et_pb_text][et_pb_text _builder_version=&#8221;4.9.3&#8243; _module_preset=&#8221;default&#8221; text_font=&#8221;Titillium Web||||||||&#8221; text_font_size=&#8221;16px&#8221;] Nossos [&hellip;]<\/p>\n","protected":false},"author":1,"featured_media":0,"parent":0,"menu_order":0,"comment_status":"closed","ping_status":"closed","template":"","meta":{"_et_pb_use_builder":"on","_et_pb_old_content":"","_et_gb_content_width":"","footnotes":""},"class_list":["post-9","page","type-page","status-publish","hentry"],"_links":{"self":[{"href":"https:\/\/automation360.com.br\/treinamentos\/wp-json\/wp\/v2\/pages\/9","targetHints":{"allow":["GET"]}}],"collection":[{"href":"https:\/\/automation360.com.br\/treinamentos\/wp-json\/wp\/v2\/pages"}],"about":[{"href":"https:\/\/automation360.com.br\/treinamentos\/wp-json\/wp\/v2\/types\/page"}],"author":[{"embeddable":true,"href":"https:\/\/automation360.com.br\/treinamentos\/wp-json\/wp\/v2\/users\/1"}],"replies":[{"embeddable":true,"href":"https:\/\/automation360.com.br\/treinamentos\/wp-json\/wp\/v2\/comments?post=9"}],"version-history":[{"count":31,"href":"https:\/\/automation360.com.br\/treinamentos\/wp-json\/wp\/v2\/pages\/9\/revisions"}],"predecessor-version":[{"id":199,"href":"https:\/\/automation360.com.br\/treinamentos\/wp-json\/wp\/v2\/pages\/9\/revisions\/199"}],"wp:attachment":[{"href":"https:\/\/automation360.com.br\/treinamentos\/wp-json\/wp\/v2\/media?parent=9"}],"curies":[{"name":"wp","href":"https:\/\/api.w.org\/{rel}","templated":true}]}}